ase 2
-10010
Convert 45 (base 9) to base 2.
101001
3 (base 16) to base 4
3
0 (base 13) to base 2
0
-269 (base 10) to base 14
-153
What is 3 (base 13) in base 16?
3
-1c (base 15) to base 9
-30
Convert -8 (base 11) to base 5.
-13
-3 (base 5) to base 8
-3
Convert -4 (base 6) to base 15.
-4
Convert 1 (base 11) to base 2.
1
What is -8 (base 11) in base 12?
-8
Convert 2 (base 5) to base 7.
2
Convert -2 (base 16) to base 12.
-2
5 (base 12) to base 2
101
Convert -aa (base 16) to base 9.
-208
Convert -31 (base 6) to base 4.
-103
-1100111 (base 2) to base 16
-67
What is -217 (base 8) in base 5?
-1033
1 (base 9) to base 12
1
Convert -333 (base 4) to base 3.
-2100
What is -26 (base 7) in base 15?
-15
142 (base 14) to base 2
11111110
Convert 54 (base 13) to base 2.
1000101
-2 (base 13) to base 5
-2
28 (base 11) to base 7
42
1 (base 8) to base 3
1
What is -2 (base 3) in base 6?
-2
Convert 3 (base 5) to base 13.
3
7 (base 14) to base 6
11
What is 100112 (base 3) in base 15?
122
1 (base 15) to base 9
1
c (base 15) to base 2
1100
3 (base 15) to base 2
11
Convert -78 (base 9) to base 12.
-5b
100 (base 7) to base 2
110001
4 (base 14) to base 5
4
1 (base 12) to base 8
1
11 (base 2) to base 9
3
-331 (base 5) to base 14
-67
Convert -4a (base 12) to base 4.
-322
-11001 (base 2) to base 6
-41
Convert -14 (base 5) to base 4.
-21
-113 (base 6) to base 13
-36
Convert -464 (base 7) to base 15.
-112
Convert 13 (base 4) to base 3.
21
What is 6 (base 12) in base 11?
6
What is -85 (base 15) in base 9?
-148
What is 12 (base 7) in base 13?
9
Convert 0 (base 6) to base 14.
0
-3a (base 12) to base 10
-46
What is 1 (base 15) in base 5?
1
Convert 11 (base 5) to base 15.
6
What is 4 (base 15) in base 10?
4
1001000 (base 2) to base 6
200
What is 205 (base 7) in base 9?
124
10c (base 13) to base 7
346
-212 (base 5) to base 10
-57
-133 (base 5) to base 6
-111
-11 (base 16) to base 15
-12
Convert -340 (base 5) to base 15.
-65
2 (base 5) to base 2
10
3b (base 14) to base 6
125
4 (base 14) to base 4
10
Convert -3 (base 12) to base 5.
-3
What is 100 (base 3) in base 8?
11
Convert 43 (base 15) to base 7.
120
What is 1 (base 13) in base 11?
1
-23 (base 10) to base 4
-113
Convert -137 (base 9) to base 8.
-163
Convert -2 (base 15) to base 7.
-2
Convert 1 (base 14) to base 11.
1
Convert -4 (base 7) to base 13.
-4
Convert 1 (base 16) to base 2.
1
What is -33 (base 8) in base 9?
-30
Convert -6 (base 15) to base 9.
-6
0 (base 3) to base 4
0
Convert 142 (base 5) to base 14.
35
-200 (base 4) to base 2
-100000
Convert a (base 12) to base 5.
20
Convert -222 (base 4) to base 14.
-30
Convert -1 (base 9) to base 3.
-1
-17 (base 11) to base 12
-16
What is 2111 (base 3) in base 9?
74
Convert -17 (base 8) to base 4.
-33
Convert 111 (base 2) to base 5.
12
Convert -2 (base 6) to base 7.
-2
Convert 27 (base 8) to base 2.
10111
2032 (base 4) to base 5
1032
Convert 5 (base 8) to base 9.
5
Convert -13 (base 5) to base 16.
-8
Convert -110 (base 4) to base 11.
-19
Convert 19 (base 15) to base 12.
20
Convert -b2 (base 13) to base 4.
-2101
Convert -2 (base 3) to base 11.
-2
-3 (base 11) to base 10
-3
-70 (base 8) to base 9
-62
What is -13 (base 6) in base 4?
-21
What is -c (base 15) in base 11?
-11
-58 (base 15) to base 2
-1010011
2 (base 13) to base 4
2
Convert -1103 (base 4) to base 8.
-123
What is -233 (base 8) in base 16?
-9b
Convert 27 (base 13) to base 2.
100001
Convert 332 (base 5) to base 14.
68
Convert -101210 (base 3) to base 13.
-195
Convert -32 (base 6) to base 2.
-10100
Convert -63 (base 8) to base 15.
-36
32 (base 13) to base 16
29
What is 3 (base 10) in base 2?
11
Convert 0 (base 6) to base 3.
0
Convert -10 (base 4) to base 3.
-11
-100 (base 2) to base 6
-4
Convert -33 (base 12) to base 8.
-47
Convert -2 (base 6) to base 5.
-2
11b (base 13) to base 6
521
Convert 0 (base 16) to base 7.
0
What is -2 (base 10) in base 3?
-2
Convert -255 (base 7) to base 11.
-116
Convert 1 (base 16) to base 10.
1
56 (base 12) to base 16
42
What is -1211 (base 3) in base 12?
-41
Convert 6 (base 7) to base 16.
6
What is 1 (base 9) in base 2?
1
What is 23 (base 4) in base 16?
b
What is 10 (base 12) in base 4?
30
Convert 1c1 (base 13) to base 14.
194
Convert d (base 14) to base 16.
d
Convert 14 (base 10) to base 5.
24
Convert -10 (base 4) to base 9.
-4
What is -1 (base 9) in base 15?
-1
What is -5 (base 11) in base 5?
-10
Convert 56 (base 7) to base 15.
2b
What is 101 (base 3) in base 11?
a
What is -21 (base 3) in base 8?
-7
1a3 (base 15) to base 9
460
-25 (base 13) to base 5
-111
What is 151 (base 10) in base 6?
411
1000 (base 2) to base 13
8
Convert 1 (base 2) to base 10.
1
What is 0 (base 4) in base 15?
0
What is -10 (base 14) in base 12?
-12
Convert 0 (base 10) to base 7.
0
-203 (base 5) to base 7
-104
What is 15 (base 7) in base 2?
1100
Convert 227 (base 12) to base 8.
477
What is -53 (base 16) in base 4?
-1103
Convert -54 (base 8) to base 9.
-48
What is -1 (base 4) in base 15?
-1
Convert -19 (base 13) to base 7.
-31
What is -2 (base 15) in base 9?
-2
-56 (base 8) to base 16
-2e
What is 72 (base 15) in base 16?
6b
What is -61 (base 9) in base 12?
-47
-10010 (base 2) to base 13
-15
Convert 1 (base 13) to base 14.
1
Convert 11 (base 9) to base 14.
a
-1 (base 7) to base 10
-1
112 (base 4) to base 13
19
244 (base 8) to base 3
20002
What is -1 (base 6) in base 4?
-1
What is -1 (base 16) in base 7?
-1
2 (base 15) to base 16
2
Convert -356 (base 7) to base 9.
-228
What is 154 (base 15) in base 6?
1224
Convert 100 (base 3) to base 9.
10
Convert 1 (base 7) to base 9.
1
What is 23 (base 5) in base 13?
10
What is 6 (base 15) in base 2?
110
Convert -a (base 12) to base 10.
-10
3 (base 12) to base 13
3
What is -a (base 11) in base 4?
-22
-62 (base 8) to base 13
-3b
What is 210 (base 5) in base 8?
67
2 (base 15) to base 6
2
Convert -2 (base 12) to base 6.
-2
What is -65 (base 11) in base 15?
-4b
What is 1 (base 9) in base 7?
1
-12 (base 6) to base 12
-8
12 (base 4) to base 9
6
-245 (base 8) to base 4
-2211
Convert 5 (base 10) to base 8.
5
-3 (base 13) to base 4
-3
-2 (base 14) to base 9
-2
Convert 0 (base 9) to base 5.
0
Convert 1 (base 6) to base 5.
1
What is b9 (base 13) in base 12?
108
-1 (base 15) to base 10
-1
Convert 1 (base 9) to base 2.
1
What is 100 (base 2) in base 12?
4
Convert -5 (base 13) to base 6.
-5
Convert -11011 (base 2) to base 5.
-102
What is 0 (base 4) in base 11?
0
What is -128 (base 10) in base 7?
-242
-46 (base 7) to base 5
-114
What is 3 (base 13) in base 6?
3
111 (base 6) to base 10
43
1102 (base 3) to base 10
38
43 (base 6) to base 10
27
What is -3 (base 15) in base 2?
-11
What is -122 (base 12) in base 6?
-442
-1 (base 7) to base 5
-1
Convert 3 (base 10) to base 7.
3
What is -24 (base 9) in base 12?
-1a
-34 (base 11) to base 5
-122
-2011 (base 3) to base 4
-322
-1 (base 10) to base 8
-1
What is -11 (base 9) in base 11?
-a
What is -b (base 13) in base 4?
-23
-34 (base 13) to base 15
-2d
What is -36 (base 12) in base 16?
-2a
What is 110 (base 2) in base 16?
6
Convert 200 (base 4) to base 5.
112
What is -122 (base 3) in base 4?
-101
-1 (base 11) to base 5
-1
Convert 3 (base 6) to base 11.
3
What is 73 (base 12) in base 7?
153
What is 11022 (base 3) in base 9?
138
2011 (base 4) to base 3
11221
-24 (base 10) to base 3
-220
10 (base 2) to base 3
2
What is -33 (base 8) in base 6?
-43
-2 (base 7) to base 12
-2
-67 (base 9) to base 10
-61
Convert 112 (base 10) to base 13.
88
What is -121 (base 6) in base 7?
-100
-a5 (base 14) to base 16
-91
What is 9 (base 10) in base 7?
12
Convert 299 (base 10) to base 8.
453
Convert -1010001 (base 2) to base 8.
-121
3 (base 7) to base 4
3
Convert -7 (base 13) to base 7.
-10
What is 0 (base 7) in base 2?
0
What is -2 (base 7) in base 2?
-10
Convert 1 (base 13) to base 2.
1
Convert 211 (base 4) to base 3.
1101
What is 2000 (base 3) in base 8?
66
-126 (base 8) to base 2
-1010110
Convert 3 (base 6) to base 8.
3
What is -24 (base 7) in base 6?
-30
What is 1 (base 9) in base 6?
1
Convert -1 (base 8) to base 12.
-1
-23 (base 4) to base 14
-b
23 (base 6) to base 13
12
What is 8 (base 16) in base 2?
1000
Convert 2 (base 8) to base 15.
2
3 (base 11) to base 6
3
2 (base 8) to base 7
2
What is -90 (base 12) in base 5?
-413
Convert 3 (base 10) to base 2.
11
-7 (base 10) to base 16
-7
-14 